0
Let n(x) = -x**3 - 8*x**2 + 4. Let o be n(-8). What is the remainder when 23 + -1 + (o - 6) is divided by 3?
2
Let b(a) = -a**3 + 5*a**2 + 3*a - 16. Calculate the remainder when 69 is divided by b(4).
9
Let g(c) be the first derivative of 1 - 3*c**2 + 1/3*c**3 + 10*c. What is the remainder when 32 is divided by g(7)?
15
Let k = 28 + -7. Suppose 15*x - 13*x - 82 = 0. What is the remainder when x is divided by k?
20
Let p = 27 - 12. Calculate the remainder when 44 is divided by p.
14
Let g = -60 - -74. What is the remainder when 46 is divided by g?
4
Suppose 31*h = 8*h + 1104. What is the remainder when h is divided by (-254)/(-10) + 6/(-15)?
23
What is the remainder when 27 is divided by (-2 + 2 - -4) + 3?
6
Suppose 2*t = -2*b + 18, -b = 4*b + 4*t - 41. Suppose -b = -2*k + 11. What is the remainder when 29 is divided by k?
5
Let c(i) be the second derivative of i**4/12 + 4*i**3/3 - i**2 - 2*i. Let s be c(-7). Let a(j) = j + 13. What is the remainder when 6 is divided by a(s)?
2
Suppose b + 2*b - 18 = o, b + 5 = 4*o. Suppose 53 = s + b. What is the remainder when s is divided by 16?
14
Let d(w) = -w**3 + 6*w**2 + 2*w - 9. Let j be 2*(1 + 0) - -1. Suppose -j*g + 4 = -11. Calculate the remainder when g is divided by d(6).
2
Let h(d) = 21*d**2. Calculate the remainder when 39 is divided by h(1).
18
Suppose -2426 = 5*z - 4*c, 0 = -0*z - 3*z - 5*c - 1463. Suppose 11*o - 50 = 16*o. Calculate the remainder when z/o + 6/15 is divided by 13.
10
Let v(m) be the first derivative of m**3/3 - m**2/2 - m + 1. Let j(a) = -3*a**3 + a + 1. Let s be j(-1). Calculate the remainder when 14 is divided by v(s).
4
Let x(s) = -s + 6. Let p be x(6). Suppose 4*q = 4*k + k - 21, p = -2*k + 4*q + 18. What is the remainder when 3/6*14*k is divided by 4?
3
Suppose -2*n + 2 + 0 = 0. Let h = 4 + n. What is the remainder when h is divided by 2?
1
Let p(o) = -o**2 + 2*o + 2. Suppose 0 = 2*b + b + 30. Let z(y) = y**3 + 11*y**2 + 11*y + 12. Calculate the remainder when p(2) is divided by z(b).
0
Let d = -56 + 120. Suppose 5*j - d = 101. What is the remainder when j is divided by 17?
16
Suppose v + 3*m + 0*m = 3, 4 = -4*m. Let p = 41 - 19. What is the remainder when p is divided by v?
4
Let x(a) = -6*a + 7. Let m be x(-5). Suppose h - m = -0. Calculate the remainder when h is divided by 19.
18
Let k(y) = 8*y**3 - y**2 + y. Let h(t) = -t**2 + 12*t - 6. Suppose 41 = 5*v - 14. What is the remainder when k(1) is divided by h(v)?
3
Let r = 86 - 61. Calculate the remainder when r is divided by (14/(-6))/(8/(-24)).
4
Suppose 0 = 5*x + 4*r - 58, 4*x = 4*r - r + 34. Calculate the remainder when 26 is divided by x.
6
Let r(z) = -29*z - 3. Calculate the remainder when r(-2) is divided by 19.
17
Let i = 7 - 7. Suppose i*l - l = -50. What is the remainder when l is divided by 17?
16
Suppose 34 - 14 = 5*v, 0 = -r + 4*v + 24. What is the remainder when r is divided by 14?
12
Let z be (-2)/1 + (-5)/(-1). What is the remainder when 18 is divided by 5*(1 - z/(-3))?
8
Let s = -13 - -28. Suppose 4*y - 85 = s. What is the remainder when 73 is divided by y?
23
Let z = -42 - -88. Calculate the remainder when z is divided by ((-4)/5)/((-1)/20).
14
Suppose 4*z = 3*z + 73. What is the remainder when z is divided by 25?
23
Let v = 59 + -20. Calculate the remainder when v is divided by (-6)/(-54) + 178/18.
9
Let l(g) = g**3 + 3*g**2 - 3*g + 2. Let t be ((-4)/10)/((-1)/5). What is the remainder when l(t) is divided by 6?
4
Suppose -31 = -5*b - 6. Suppose -2*v = 5*z + 37 + 6, b = z - 3*v. Let d = z + 13. Calculate the remainder when 17 is divided by d.
5
Suppose 0 = -4*y + 388 + 192. Calculate the remainder when y is divided by 21.
19
Let w be 2*-7*5/10. Let o = w + 12. Suppose -7 = -4*n + o*l + 147, l = 3*n - 121. Calculate the remainder when n is divided by 14.
13
Suppose 3*k = 2*k + 12. Calculate the remainder when k is divided by 7.
5
Suppose 0*d - d = -3*f + 4, f + 1 = -2*d. What is the remainder when 22 is divided by 115/15 + f/3?
6
Suppose -2*v - 5*g = -13, 4*g - 3*g = -3. Let d = v - -14. Let i = d - 17. Calculate the remainder when 21 is divided by i.
10
Let x = 16 + -14. What is the remainder when 5 is divided by x?
1
Let r(t) = -4*t**2 + 6*t - 6*t + 2 + 2*t**3. What is the remainder when 57 is divided by r(3)?
17
Suppose 4*t + 3*b = 7*t - 78, 0 = b + 4. Calculate the remainder when 40 is divided by t.
18
What is the remainder when (-1 - 0)/((-8)/48) is divided by 2?
0
Let a(j) = j**2 - 2*j + 1. Let z be a(1). Suppose l - 5*p + 5 = z, 5*p = -3*l + 6 + 39. Calculate the remainder when 2/4 - 110/(-4) is divided by l.
8
What is the remainder when (-19*(7 + -1))/(-2) is divided by 29?
28
Let x = 2 + 8. Calculate the remainder when (-16)/56 - (-2 - (-741)/(-21)) is divided by x.
7
Let h(x) = x**2 + 1. Let o(d) = -d**2 + 3*d - 5. Let z be o(4). Let r be (z/(-6))/(-3)*4. What is the remainder when 14 is divided by h(r)?
4
Let p(f) = 12*f**3 + 2*f**2 + 6*f - 3. Let n(y) = 23*y**3 + 4*y**2 + 13*y - 7. Let u(z) = 4*n(z) - 9*p(z). Calculate the remainder when 44 is divided by u(-1).
14
Let b(p) = -3*p - 3. Let m(a) = 5*a + 3. Let c be m(-2). Calculate the remainder when b(c) is divided by 7.
4
Let h = -64 - -93. Calculate the remainder when 114 is divided by h.
27
Let p be (-3)/6*1*2. Let v be (0 + p - 1) + 11. Let c = 6 + v. Calculate the remainder when 44 is divided by c.
14
Let i = 1 - 0. Let h = 7 - 3. Suppose 3*t = h - 1. Calculate the remainder when i is divided by t.
0
Suppose -4*m + 7 = -3*o, -28 = -4*o - 0*o - 4*m. Suppose -4*f + 23 = -3*n - 237, o*n = 2*f - 136. Calculate the remainder when f is divided by 21.
20
What is the remainder when 3/(140/(-48) - -3) is divided by 10?
6
Let o = 118 + -55. Calculate the remainder when o is divided by 4.
3
What is the remainder when ((-3)/6)/(4/(-248)) is divided by 11?
9
Let j = 4 + -3. Suppose 15 = 5*g + 2*s, 5*g - 10 = s - 4*s. What is the remainder when (-30)/(-2) - (j + 0) is divided by g?
4
Let x = 59 + -31. Suppose 0*s + 50 = 5*s. What is the remainder when x is divided by s?
8
Suppose 3*u = -n + 92, 6*n + 176 = 5*u + 2*n. Let y = -4 - -22. What is the remainder when u is divided by y?
14
Suppose -48 + 18 = -5*f. Let y(s) = s**3 - 5*s**2 - 4*s - 8. Calculate the remainder when (0 - 1) + (-1 - 26/(-2)) is divided by y(f).
3
Let t be 4/22 - (-20)/11. Suppose 22 + 0 = t*q. Calculate the remainder when 32 is divided by q.
10
Suppose -15*v = -10*v - 155. Calculate the remainder when v is divided by 12.
7
Let m(f) = 2*f**3 - f**2 - 2*f + 1. Let s be m(-3). Suppose -14 = -4*x + 10. What is the remainder when (3 - s/(-12))*-9 is divided by x?
3
Let f be ((-320)/(-12))/((-2)/(-6)). Suppose u - f = -4*u. Suppose -4*q - u = -5*q. Calculate the remainder when 31 is divided by q.
15
Suppose -6*h = -4*h - 20. Calculate the remainder when h is divided by 4.
2
Let u be ((-124)/6)/((-6)/18). Suppose u = -5*t + 292. Calculate the remainder when t is divided by 16.
14
Let s(r) = 2*r**3 - 2*r**2 - 4*r + 7. What is the remainder when s(3) is divided by (0 - -4)*11/4?
9
Let q(v) = 2*v**2 - 5*v + 2. Suppose -20 = -5*j, j - 10 - 10 = c. Let k = c + 24. What is the remainder when k is divided by q(3)?
3
Let v = -5 + 28. Suppose -c + 3*c - 5*f - 6 = 0, 9 = 3*c - f. Suppose 24 = c*o + o. Calculate the remainder when v is divided by o.
5
Let k be (-15)/(-2) - 1/2. Let s = 3 + k. Let b = 61 + -33. What is the remainder when b is divided by s?
8
Let d = 50 - 14. Let n = d - -5. What is the remainder when n is divided by 11?
8
Let f(a) = a**3 - 6*a**2 + 3*a. Suppose 7*v = -0*v + 35. What is the remainder when f(6) is divided by v?
3
Suppose -4*j + 4*m + 81 = -91, j - 5*m = 63. Let f be 10/(-3)*(-33 + 0). Suppose 3 = -3*l - 3, 5*q - 5*l = f. Calculate the remainder when j is divided by q.
18
Let x = -17 - 2. Let i = x + 45. Calculate the remainder when i is divided by 7.
5
Suppose 2*j = -0*j - 6. What is the remainder when 4 is divided by j/(-4) + 45/20?
1
Let w(q) = -q + 29. What is the remainder when w(12) is divided by 11?
6
Let v be 246/8 - 3/4. Suppose -v - 60 = -i + 4*h, -5*i + 325 = 5*h. What is the remainder when i is divided by 24?
22
Let d be (999/(-18))/(3/4). Let l = -11 - d. What is the remainder when l is divided by 16?
15
Let h(p) = -p**3 - 17*p**2 - 42*p + 32. What